is divided by 11.
3
Let u(g) = -g**2 - 4*g + 8. Let y be u(-5). Suppose -15 = -3*q, 4*a + q = -y*q + 160. What is the remainder when a is divided by 9?
8
Calculate the remainder when 1663 is divided by -15*1*(-10 - -9).
13
Let x(k) = -3*k**3 - 2*k**2 - 2*k - 9. Let m(r) = -13*r**3 - 8*r**2 - 8*r - 37. Let q(c) = -2*m(c) + 9*x(c). What is the remainder when 63 is divided by q(-4)?
30
Suppose -2*f + 3*f = 4. Suppose 0 = w - 4*j - 27 + 2, -f*w - 2*j = -10. Let i(s) = -2*s - 15. Calculate the remainder when i(-13) is divided by w.
1
Suppose 5*k + 3*x - 175 = 3*k, 4*x = -20. What is the remainder when k is divided by 24?
23
Suppose -10*x + 30 = -4*x. Suppose y - x = 114. What is the remainder when y is divided by 31?
26
Let t(j) = -j**3 - 4*j**2 - j - 1. Let u = -8 - -6. Let p be t(u). What is the remainder when 14 is divided by -3 + (-2)/(2/p)?
2
Let s(d) = d**3 + 8*d**2 - d + 103. Calculate the remainder when s(0) is divided by 4.
3
Suppose 0 = 5*w - 57 - 58. Calculate the remainder when 45 is divided by w.
22
Let l(i) = 11*i**2 + i + 1 + 2 + 0*i**2 - 5. Let f be l(1). Let s = f - -7. What is the remainder when 50 is divided by s?
16
Let b = -28 - -136. Let c = -58 + b. Suppose -4*a + 46 = 3*j, -a - 2*a + 31 = 4*j. What is the remainder when c is divided by a?
11
Let x be (5/(-2))/(3/6). Let m(a) = a**3 - 4*a**2 - 7*a + 2. Let k(v) = -v. Let i(o) = x*k(o) + m(o). Calculate the remainder when i(6) is divided by 21.
20
Let c = 466 + -458. Calculate the remainder when 70 is divided by c.
6
Let g = 36 + -26. What is the remainder when 18 is divided by g?
8
Suppose 0 = -5*n - 25, v + 45 = 6*v - 2*n. What is the remainder when -8 - (5/15 - (-254)/(-6)) is divided by v?
6
Calculate the remainder when 154 is divided by ((-4)/12)/(13/(-897)).
16
Suppose 2*d + 187 = 5*z, 113 = -5*z + 4*d + 302. What is the remainder when 332 is divided by z?
36
Let u = 262 - 224. Calculate the remainder when 220 is divided by u.
30
Suppose 0 = 4*p + 4 - 152. Let i = p - 25. What is the remainder when i is divided by 1/(-5 + (6 - 0)) + -2 + 6?
2
Let u = -204 + 211. Calculate the remainder when 17 is divided by u.
3
Let h(r) = -10*r**2 + 132*r - 9. What is the remainder when 65 is divided by h(13)?
14
Let w = 20 - 18. Suppose 2*o - 9 = -w*n + 3, 3*n = 3*o + 12. Suppose 78 = n*d - 2*d. Calculate the remainder when d is divided by 9.
8
Suppose 2*o - 13 = 9. Suppose -72 = -2*a - 2*a. Let q = 22 - a. Calculate the remainder when o is divided by q.
3
Let r(z) = -z**3 - 6*z**2 - z + 14. What is the remainder when r(-7) is divided by 38?
32
Suppose -4*j - m = -33, 7*j = 2*j + 4*m + 36. What is the remainder when 30 is divided by j?
6
Suppose -758 + 1430 = 6*w. What is the remainder when 340 is divided by w?
4
Suppose w - 27 = 2*i + 167, 3*w - 4*i - 582 = 0. Calculate the remainder when w is divided by 61.
11
Let b be 1/((8/(-116))/(-2)). Suppose 2*d - 5*d + 78 = 0. Suppose d*z + 117 = b*z. Calculate the remainder when 114 is divided by z.
36
Suppose 0 = 5*j + 20, 5*j - 11 = -3*b + 32. Let o be (108/21)/(3/b). Suppose -6*w = o - 114. Calculate the remainder when 51 is divided by w.
12
Let z be (12/18)/(4/66). Suppose -z = 2*y - 85. Let o = -17 + y. Calculate the remainder when o is divided by 11.
9
Suppose -125 = -9*p + 10. Calculate the remainder when 63 is divided by p.
3
Suppose -5*l - 3*k = 10, 4*l - 5 + 13 = 3*k. Let q = 9 - -7. What is the remainder when q is divided by 4/(-6)*(l + -7)?
4
Let l(b) = -b**2 - 32*b - 38. What is the remainder when 239 is divided by l(-29)?
43
Let z(s) = 12*s + 129. Calculate the remainder when z(37) is divided by 25.
23
Suppose -1090*l = -1089*l - 59. Calculate the remainder when 257 is divided by l.
21
Calculate the remainder when (99/27 + -4)/(3/(-1719)) is divided by 5.
1
Let i(c) = -c**3 + 2*c**2 + 4*c - 1. Let k be -1*2 + 584 + -12. Calculate the remainder when (0 - -4)*k/24 is divided by i(-3).
31
Let n(q) = 27*q + 146. What is the remainder when n(7) is divided by 111?
2
Let o(p) = p**3 - p + 3. Let t be o(0). Suppose 5*v + 0*i = t*i + 170, 3*v - 5*i = 86. What is the remainder when 218 is divided by v?
33
Suppose -s + 4*b = s - 20, 0 = -5*s - 2*b + 98. Calculate the remainder when 31 is divided by s.
13
Suppose -2*x - x - 3 = 0. Let w = 10 - x. Let d = 54 - 48. Calculate the remainder when w is divided by d.
5
Suppose 3*s = -12, 1275 = 2*h + 2*s - 1199. Calculate the remainder when h is divided by 23.
22
Let i = 17 + -6. Let t(v) = -i*v - v**2 + 6 + 3 - v. What is the remainder when 79 is divided by t(-11)?
19
Suppose -8*h + 360 = -0*h. What is the remainder when 311 is divided by h?
41
Suppose -48 = -2*k - l - 2, -2*k - 2*l + 46 = 0. What is the remainder when k is divided by 11/1 - (2 + -2)?
1
Let t = -18 + 29. Suppose -6*q = -3*q, -2*y - q - 352 = 0. Calculate the remainder when t is divided by y/(-33)*6/4.
3
Suppose 9 = -2*v - 3*w, 3 + 6 = -3*v - 3*w. Suppose 0*a + a - 61 = v. Calculate the remainder when a is divided by 132 - 115 - (-1 + (1 - -1)).
13
Suppose 2*q - 3*w + 2 = 0, 4*q - 3*w - 3 = -1. Suppose -4*t - v + 83 = 0, -4*t - q*v - v = -89. Calculate the remainder when t is divided by (-15)/10*(-44)/6.
9
Let g(p) = -p**2 + 5*p + 8. Let q be g(6). Let y(t) = -2*t - t**q - 6*t - 3*t - 11 + 2. What is the remainder when 74 is divided by y(-7)?
17
Let k = 5 + -3. Let j = 5 + k. What is the remainder when 50*1/3 - 6/(-18) is divided by j?
3
Let m = 31 - 40. Let l(i) = -i**2 - 9*i. Let x be l(m). Suppose 3*v - 21 - 51 = x. Calculate the remainder when 46 is divided by v.
22
Suppose w = -3*h + 184, 5*h + 3*w - 240 = 68. What is the remainder when h is divided by 3/(-1) - -2 - -14?
9
Let v = -171 + 248. Let a = v - 68. Calculate the remainder when a is divided by 6.
3
Let q(j) be the second derivative of j**4/12 + 10*j**2 - 2*j - 17. Calculate the remainder when 99 is divided by q(0).
19
Suppose 0 = 5*r - 4*y - 108, -2*y - 114 = -5*r - 0*y. Calculate the remainder when 60 is divided by r.
12
Let r = 214 + -128. Suppose 6*l + 26 = r. What is the remainder when 28 is divided by l?
8
Suppose 6*d - 44 = 2*d - 3*z, 5*d = -z + 44. Suppose -4*g - 68 = -d*g. Calculate the remainder when 65 is divided by g.
14
Let u = 334 - 272. What is the remainder when 119 is divided by u?
57
Let p(c) = -c + 25. Let y be p(13). Let n = y + -3. Let w = 5 + -1. Calculate the remainder when n is divided by w.
1
What is the remainder when 52 is divided by (33 - -3) + 4/(-2)?
18
Let r = 1 - -2. Suppose -4*x - r = -19. Calculate the remainder when 33/((-6)/(-16)*x) is divided by 12.
10
Let a = -25 + 47. Calculate the remainder when a is divided by (2*39/6)/1.
9
Suppose 0 = -3*p + 3*a + 3, 0 = -4*p - p - 3*a + 37. Suppose p*f - 106 + 11 = 0. Calculate the remainder when 112 is divided by f.
17
What is the remainder when 114 is divided by -8*(2 - 6 - 63/18)?
54
Suppose -43*f + 34*f = -1998. Calculate the remainder when f is divided by 45.
42
Let o(u) = 3*u**2 - 4*u + 5. Let a be o(4). Let t = a + -37. Suppose -5*c + t*c + 40 = 0. Calculate the remainder when c is divided by 2.
0
What is the remainder when 543 is divided by (981/((-81)/9))/(-1 + 0)?
107
Let x(f) be the second derivative of -7*f**3/3 - 3*f**2 - 13*f. Calculate the remainder when 71 is divided by x(-3).
35
Let w(t) = -2*t - 3. Let u be w(-3). Suppose s - u = -2*s. Suppose -f = -b, -2*f + 3*b = -5*f + 12. What is the remainder when f is divided by s?
0
Suppose -407 = -10*f - 147. Let p be (-2)/3*(-3 - 27). Let z = p + -6. What is the remainder when f is divided by z?
12
Suppose -1375*y = -1379*y + 8580. Calculate the remainder when y is divided by 29.
28
Let y(g) = 31*g - 11. Calculate the remainder when 236 is divided by y(1).
16
Suppose 3*z = p + 1386, z - 5*p - 66 = 410. What is the remainder when z is divided by 21?
20
Suppose -5*x = -5*m + 80, 2*x + 20 = -4*m - 6. Let r be 4/6*x/(-2). What is the remainder when 15 is divided by (-2 + r/2)*8?
3
Suppose 4*x + 111 = 3*x - 5*n, -348 = 4*x - 4*n. Calculate the remainder when (x/52)/((-2)/32) is divided by 15.
13
Let r = -25 + 155. Suppose -130 = -5*w + a, 0*w - 5*w + r = -3*a. Let z = w - 17. What is the remainder when 15 is divided by z?
6
Suppose 694 = 3*h - 2*g, -5*h = -6*g + 3*g - 1158. What is the remainder when h is divided by 40?
34
Let b(v) 